) + 5*a(v). Calculate y(2).
3
Let n(h) = 19*h - 166. Let d be n(9). Let s(g) = 20 - g**2 + 6*g + 26 - 48. What is s(d)?
3
Let l(j) = 3*j - 2*j + 0 - 12*j**3 + 1. Suppose 0 = 4*a + r - 1, -a + 4*r - 6*r = 5. Suppose -3 = 4*b + a. Calculate l(b).
12
Let s(d) = d**2 - d**2 - d**2 + 2*d - d**3 + 3*d**2. Let c = 32 + -30. Determine s(c).
4
Let s(b) = -9 + 0*b**2 - 7*b + 5*b**2 - 12*b**2 + 6*b**2. Calculate s(-6).
-3
Let d(g) = g**3 + g**2 - g - 31. Suppose f + 25 = 6*f, 0 = 2*k - 5*f + 25. What is d(k)?
-31
Suppose 2*p = -3 - 9. Let q(f) be the third derivative of -f**5/60 - f**4/4 + 7*f**3/6 - 5*f**2 - 3. Calculate q(p).
7
Suppose 0 = 3*u - 4*m - 3 - 0, -16 = -5*u + 3*m. Let t(j) be the second derivative of 1/2*j**2 - 1/12*j**4 - 7/20*j**u - 1/6*j**3 + j + 0. What is t(1)?
-8
Let m(p) = -p + 1. Suppose -4*i = -3*d - 2, 1 = -i - d + 5. Let z(q) = q**2 - 3*q + 2. Let c(k) = i*m(k) + z(k). What is c(6)?
10
Let n be ((-2)/6)/((-1)/3). Let h be n/1 - 1 - -6. Let r(d) be the first derivative of d**3/3 - 5*d**2/2 - 5*d - 69. Determine r(h).
1
Let m(u) = 5*u - 4. Let q(f) = -f**2 - 10*f - 5. Let o be q(-8). Let r(l) = -l - 3 - o + 3. Let z be r(-15). Calculate m(z).
16
Suppose 43*a + 18 = -240. Let t(x) = -x**2 - 8*x - 13. Give t(a).
-1
Let n(v) = 4*v**2 - 4*v - 6. Let q(l) = 5*l**2 - 5*l - 7. Let s(o) = 4*n(o) - 3*q(o). Let k be (-9)/(-6)*(-30)/(-9). Suppose 4*h = k*h. Give s(h).
-3
Let h be (-1026)/(-228)*(0 - -2). Let z(o) = o**2 - 12*o + 8. What is z(h)?
-19
Let a(l) = -l**3 - 10*l**2 - 19*l - 1. Let g(q) = -3*q**3 - 30*q**2 - 56*q - 4. Let s(u) = -17*a(u) + 6*g(u). Calculate s(-9).
29
Let v be (-156)/(-351) + (-2)/18*67. Let r(g) = g**3 + 10*g**2 + 22*g + 6. Determine r(v).
-1
Suppose 28 = 11*x + 6. Let i(u) = u - 7*u**x - 5*u - u**3 - u + 1. Determine i(-6).
-5
Suppose 0*z - 3*g + 15 = 3*z, 0 = z + 2*g - 4. Let a(f) = -3*f - 6. Let m(t) = -t - 2. Let q(y) = 6*a(y) - 17*m(y). Calculate q(z).
-8
Let w(o) = -2*o - 5. Let k(z) = -5*z - 14. Suppose -2*q + 10 + 12 = 0. Let u(y) = q*w(y) - 4*k(y). Suppose 3*p + 4 = -r + 5*p, 12 = -5*r + 2*p. Give u(r).
5
Let g = -133 - -137. Let a(i) be the second derivative of 5/2*i**2 + 8*i + 1/12*i**g + 0 + 5/6*i**3. Determine a(-4).
1
Let r(a) = -a**3 - a**2 + a + 6. Suppose -12 = -3*v - 3*l, 0 = v - 5*v - 5*l + 15. Suppose 0*x + x - 6 = 2*m, 4*x - v*m = 15. What is r(x)?
6
Let b be -14 - (-7 - (-8)/1)*-3. Let l(p) = p + 14. What is l(b)?
3
Let n = -15 - -28. Let j = n - 9. Let g = j + -5. Let h(t) = t**3 - t. Give h(g).
0
Let a(t) be the second derivative of 3/2*t**2 - 7*t + 5/6*t**3 + 0 + 1/12*t**4. Let o(q) = -2*q**2 + 2*q - 2. Let l be o(2). Calculate a(l).
9
Let c(y) = -15*y - 63. Let p(x) = x + 5. Let h(s) = 2*c(s) + 27*p(s). Give h(9).
-18
Let s(d) = 2*d**2 - 16*d + 2. Suppose -25 = -4*r - p, r + 537*p + 8 = 532*p. Give s(r).
-12
Let t be 214/10 - 9/(225/10). Let y = -19 + t. Let o(u) be the first derivative of u**3/3 + u**2 + 2. Determine o(y).
8
Let o(r) be the second derivative of 0 + r**3 - 3*r - 1/12*r**4 - 1/2*r**2. Suppose 0 = 2*h - 7 - 5. Determine o(h).
-1
Let m(r) = 7*r**2 + 5*r - 6. Let p(b) = 3*b**2 + 2*b - 3. Let c(o) = -6*m(o) + 13*p(o). Give c(-3).
-18
Suppose -44 = -11*n + 99. Let z(r) = -r**2 + 12*r + 9. Determine z(n).
-4
Let c(v) = v**2 - 4*v + 4. Let p(w) = -w**2 + 3*w - 3. Let z(k) = -6*c(k) - 5*p(k). Suppose 5*o = 3*f - 2 - 16, -5*f + 30 = 5*o. Give z(f).
9
Suppose -3*j + 6 = 2*a, 8 = 2*a + 6*j - 2*j. Suppose a = 5*h - 2*h - f - 6, -3*h + 6 = f. Let c(g) = 2*g**3 - g**2 - 2*g - 1. Give c(h).
7
Let g = -26 + 31. Let w(i) = 2*i + 2*i**2 - 2*i**2 - g*i**2 + 4*i**2 + 1. Calculate w(2).
1
Let w(v) = 4*v**2 - v. Let g be 0 - (2/(-1) - 0). Suppose -3*k = -g*d - 12, 0*k = -3*k + 5*d + 12. Suppose x = -k*x + 5. Determine w(x).
3
Let w(p) = -p**3 - 4*p - 9. Let b be w(-2). Let y(k) = -5*k**3 + 3*k**2 + 5*k - 2. Let u(d) = 9*d**3 - 7*d**2 - 9*d + 5. Let z(h) = -4*u(h) - 7*y(h). Give z(b).
1
Let p(r) = r**2 - 9*r + 1. Let a(l) = -l**2 - 2*l + 9. Let q be a(0). Let j be p(q). Let g(z) = -12*z**2. Determine g(j).
-12
Let z(x) = x + 1. Let p(y) = y + 8. Let t(m) = p(m) - 3*z(m). Suppose 117 - 103 = 2*c. What is t(c)?
-9
Let r(o) = -2*o - o**2 + 0*o**2 + 1 + 2*o**2 - o. Let s = -239 - -242. Determine r(s).
1
Let i(f) = 91*f**2 + 3*f + 106*f**2 - 3 - 213*f**2. Determine i(2).
-61
Let l(k) be the second derivative of -1/20*k**5 + 14*k + 0 + 1/2*k**4 + 1/2*k**3 + 4*k**2. Give l(6).
26
Let o(s) = 6*s + 5. Let x be 0 + (143/117 - 8/36). Calculate o(x).
11
Let r be -3 - (10 + (9 - 16)). Let x(a) = 2*a - 5*a + 6 + 2*a. Calculate x(r).
12
Let o(r) = 5*r - 1 - 4*r + 2*r - 6 + 0*r. What is o(7)?
14
Suppose -98 = 5*r + 4*w, 2*w + 3*w = -2*r - 29. Let f be 2/(-6) - r/(-6). Let z(b) = 26*b - 27*b - 10 + 2. Give z(f).
-4
Suppose -70*b + 71*b = 12. Suppose -5*s + 41 - 1 = 0. Let g = b - s. Let n(j) = 2*j + 1. Give n(g).
9
Let q(g) = g**2 - 30*g + 2. Let s be q(30). Let o(y) = y**3 - y**2 - y - 1. Calculate o(s).
1
Let a(p) be the second derivative of -p**5/20 + p**4/2 - p**3/6 - 3*p**2/2 + 39*p + 2. What is a(6)?
-9
Let m(t) = -3*t + t + 1 - 2. Suppose -1 = -5*w - 11. Calculate m(w).
3
Let t(q) = -1. Let d(r) = r. Let a(c) = -d(c) + t(c). Suppose -4 = 2*b - 3*p, -3*b = -5*p - 0 + 5. What is a(b)?
4
Let i(c) = c**3 - c**2 + 6*c - 22. Let f be i(4). Let z = f - 51. Let m(w) = 4*w**3 - 2*w**2 - 2*w - 1. Calculate m(z).
-5
Let h(k) = 8*k**2 - 127*k + 32*k + 42*k + k**3 + 44*k - 10. Calculate h(-9).
-10
Let m(y) = -718*y - 5*y**2 - y**3 + 12 - 6*y**2 - y**2 + 719*y. Give m(-12).
0
Let r(u) = -2*u + 0*u + 4*u + 8*u. Let x(k) = k**2 + k - 1. Let q be x(1). Give r(q).
10
Let p(t) = -2*t - 188. Let z(l) = 63. Let m(v) = 5*p(v) + 14*z(v). Give m(-6).
2
Let v be 26*(-3 - -5)/2. Suppose -5*f - 6 = -v. Let u(i) = -i - i - f*i + 3*i. Calculate u(2).
-6
Let z(p) = -3*p + 2*p**2 + 10 - 38 - p**2 + 7*p. What is z(-7)?
-7
Let z(q) = q**2 + 9*q - 2. Let k be 1/1 - (14 + 0). Let l(b) = -b**2 - 4*b + 1. Let r(u) = k*l(u) - 6*z(u). Let a = -122 + 121. Give r(a).
8
Let y(n) = 11*n + 1. Let c(j) = -3*j - 1. Let r(v) = -4*c(v) - y(v). What is r(-14)?
-11
Let c(b) be the third derivative of -b**4/24 + b**3/3 + 261*b**2. Give c(10).
-8
Let f(l) = l**3 - 15*l**2 - 2*l + 29. Let j be f(15). Let h(a) = 6*a**3 + 3*a - 4*a - 2*a**3 - 2*a**2. Give h(j).
-5
Let f(b) = -b**2 - b - 1. Let g = -90 - -89. Let l(y) = y**2 - 3*y + 1. Let s(q) = g*l(q) - 2*f(q). What is s(-6)?
7
Let a(r) = -r + 1. Let m(j) = -j**2 - 5*j + 5. Let d be m(2). Let u be a(d). Let i(z) = -2*z + u + z**3 + 3*z - 10. Determine i(2).
10
Let q be 0 - (-4 - -54)/2. Let r = 26 + q. Let a(f) = 2*f**2 - f + 1. Determine a(r).
2
Let u(w) = -w**3 - 7*w**2 + 1. Let h(k) = -k**2 + 19*k + 10. Let c be h(19). Suppose -84 = 2*o + c*o. Determine u(o).
1
Let d(l) be the first derivative of 4/3*l**3 - 8 + l + 3/2*l**2. Let u = -1 - 1. Determine d(u).
11
Suppose 5*y - 24 = -9. Let d(f) = 0*f**2 + 4*f - 10 - f**2 - 16 - 2*f + 22. Determine d(y).
-7
Let f(j) = -2*j**3 - 4*j**2 - 2*j + 1. Let w = -89 + 32. Let k = -59 - w. Give f(k).
5
Let a(l) = -l**2 - 16*l + 0*l**2 + 13 + 2*l**2 + 8*l. Calculate a(6).
1
Suppose 9*r - 50 + 14 = 0. Suppose 4*t = r*p + 8, -5*p + p = -t - 4. Let y(u) = 43 - 3*u**p - 43. What is y(1)?
-3
Let c(a) be the third derivative of a**6/360 + a**5/120 - 3*a**4/4 + 3*a**2. Let h(l) be the second derivative of c(l). Give h(-5).
-9
Let q(w) = w + 1. Let m(u) = 112*u + 15 - u**2 - 111*u - 1. Let o(a) = -m(a) + 6*q(a). What is o(-6)?
-2
Let t(y) = 3*y + 2. Let g(s) = -6*s + 8. Let h(n) = -5*n + 7. Let b(q) = 4*g(q) - 5*h(q). Let k be b(-4). Let o = -5 - k. Give t(o).
8
Let r(x) be the first derivative of -x**2/2 - x + 167. Let w(v) = v - 7. Let p be w(5). Give r(p).
1
Let k(y) be the second derivative of y**4/6 - y**3/3 - 3*y**2 - 6*y. Let v(t) = -5*t**2 + 3*t + 13. Let h = -4 + 7. Let n(f) = h*v(f) + 7*k(f). Calculate n(-6).
-9
Let d(s) = s**3 - 5*s**2 - 2. Suppose 15*r = 2*n + 10*r - 20, -n = -2*r - 9. Give d(n).
-2
Let m(f) = 2*f - 3 - 8694*f**2 + 8702*f**2 - 2 + 4 + 0. Calculate m(1).
9
Let w(k) = -k**2 + 5*k - 2. Let g(z) = -z + 8. Suppose p = 3*p - 3*o - 12, -o = 3*p - 18. Let i be g(p). Suppose -14 = -3*h - i. Determine w(h).
2
Suppose -92 + 88 = -4*f. Let r(c) = 17*c - 2 + 2